{"id":1028,"date":"2019-03-25T14:16:28","date_gmt":"2019-03-25T07:16:28","guid":{"rendered":"https:\/\/siamcitycement.com.vn\/?post_type=product&#038;p=1028"},"modified":"2024-11-22T08:02:08","modified_gmt":"2024-11-22T08:02:08","slug":"may-do-huyet-ap-bap-tay-jumper-jpd-ha120-bluetooth","status":"publish","type":"product","link":"https:\/\/siamcitycement.com.vn\/?product=may-do-huyet-ap-bap-tay-jumper-jpd-ha120-bluetooth","title":{"rendered":"M\u00e1y \u0111o huy\u1ebft \u00e1p b\u1eafp tay Jumper JPD-HA120 (Bluetooth)"},"content":{"rendered":"<p>[vc_row][vc_column][vc_column_text]<\/p>\n<h2><strong>\u01afu \u0111i\u1ec3m n\u1ed5i b\u1eadt c\u1ee7a m\u00e1y \u0111o huy\u1ebft \u00e1p b\u1eafp tay Bluetooth Jumper JPD-HA120 (Bluetooth)<\/strong><\/h2>\n<p><img loading=\"lazy\" decoding=\"async\" class=\"aligncenter wp-image-18754 size-full\" src=\"https:\/\/siamcitycement.com.vn\/wp-content\/uploads\/2019\/03\/healthcarevietnam.com-8Jumper-JPD-HA120.jpg\" alt=\"\" width=\"693\" height=\"334\" srcset=\"https:\/\/siamcitycement.com.vn\/wp-content\/uploads\/2019\/03\/healthcarevietnam.com-8Jumper-JPD-HA120.jpg 693w, https:\/\/siamcitycement.com.vn\/wp-content\/uploads\/2019\/03\/healthcarevietnam.com-8Jumper-JPD-HA120-300x145.jpg 300w, https:\/\/siamcitycement.com.vn\/wp-content\/uploads\/2019\/03\/healthcarevietnam.com-8Jumper-JPD-HA120-310x149.jpg 310w\" sizes=\"auto, (max-width: 693px) 100vw, 693px\" \/><\/p>\n<p>Kh\u00e1c v\u1edbi m\u00e3\u00a0Jumper\u00a0JPD-HA210, JPD-HA120 h\u1ed7 tr\u1ee3 k\u1ebft n\u1ed1i Bluetooth v\u1edbi \u0111i\u1ec7n tho\u1ea1i th\u00f4ng minh qua APP Jumper \u0111\u1ec3 thu\u1eadn ti\u1ec7n theo d\u00f5i v\u00e0 ki\u1ec3m tra s\u1ee9c kh\u1ecfe qua APP.<\/p>\n<p><img loading=\"lazy\" decoding=\"async\" class=\"aligncenter wp-image-18753 size-full\" src=\"https:\/\/siamcitycement.com.vn\/wp-content\/uploads\/2019\/03\/healthcarevietnam.com-7Jumper-JPD-HA120.jpeg\" alt=\"\" width=\"600\" height=\"600\" srcset=\"https:\/\/siamcitycement.com.vn\/wp-content\/uploads\/2019\/03\/healthcarevietnam.com-7Jumper-JPD-HA120.jpeg 600w, https:\/\/siamcitycement.com.vn\/wp-content\/uploads\/2019\/03\/healthcarevietnam.com-7Jumper-JPD-HA120-300x300.jpeg 300w, https:\/\/siamcitycement.com.vn\/wp-content\/uploads\/2019\/03\/healthcarevietnam.com-7Jumper-JPD-HA120-150x150.jpeg 150w, https:\/\/siamcitycement.com.vn\/wp-content\/uploads\/2019\/03\/healthcarevietnam.com-7Jumper-JPD-HA120-480x480.jpeg 480w, https:\/\/siamcitycement.com.vn\/wp-content\/uploads\/2019\/03\/healthcarevietnam.com-7Jumper-JPD-HA120-100x100.jpeg 100w, https:\/\/siamcitycement.com.vn\/wp-content\/uploads\/2019\/03\/healthcarevietnam.com-7Jumper-JPD-HA120-350x350.jpeg 350w, https:\/\/siamcitycement.com.vn\/wp-content\/uploads\/2019\/03\/healthcarevietnam.com-7Jumper-JPD-HA120-46x46.jpeg 46w, https:\/\/siamcitycement.com.vn\/wp-content\/uploads\/2019\/03\/healthcarevietnam.com-7Jumper-JPD-HA120-310x310.jpeg 310w\" sizes=\"auto, (max-width: 600px) 100vw, 600px\" \/><\/p>\n<p>M\u00e1y \u0111o huy\u1ebft \u00e1p \u0111i\u1ec7n t\u1eed s\u1eed d\u1ee5ng 4 pin AA gi\u00fap ng\u01b0\u1eddi d\u00f9ng c\u00f3 th\u1ec3 \u0111o huy\u1ebft \u00e1p \u1edf b\u1ea5t k\u1ef3 n\u01a1i \u0111\u00e2u, ti\u1ec7n l\u1ee3i cho vi\u1ec7c mang theo khi \u0111i xa. Thay v\u00ec d\u00f9ng pin th\u00ec ng\u01b0\u1eddi d\u00f9ng c\u0169ng c\u00f3 th\u1ec3 s\u1eed d\u1ee5ng ngu\u1ed3n \u0111i\u1ec7n AC qua c\u1ed5ng\u00a0USB\u00a0\u0111\u1ec3 s\u1eed d\u1ee5ng.<\/p>\n<p><img loading=\"lazy\" decoding=\"async\" class=\"aligncenter wp-image-18750 size-full\" src=\"https:\/\/siamcitycement.com.vn\/wp-content\/uploads\/2019\/03\/healthcarevietnam.com-4Jumper-JPD-HA120.jpeg\" alt=\"\" width=\"600\" height=\"600\" srcset=\"https:\/\/siamcitycement.com.vn\/wp-content\/uploads\/2019\/03\/healthcarevietnam.com-4Jumper-JPD-HA120.jpeg 600w, https:\/\/siamcitycement.com.vn\/wp-content\/uploads\/2019\/03\/healthcarevietnam.com-4Jumper-JPD-HA120-300x300.jpeg 300w, https:\/\/siamcitycement.com.vn\/wp-content\/uploads\/2019\/03\/healthcarevietnam.com-4Jumper-JPD-HA120-150x150.jpeg 150w, https:\/\/siamcitycement.com.vn\/wp-content\/uploads\/2019\/03\/healthcarevietnam.com-4Jumper-JPD-HA120-480x480.jpeg 480w, https:\/\/siamcitycement.com.vn\/wp-content\/uploads\/2019\/03\/healthcarevietnam.com-4Jumper-JPD-HA120-100x100.jpeg 100w, https:\/\/siamcitycement.com.vn\/wp-content\/uploads\/2019\/03\/healthcarevietnam.com-4Jumper-JPD-HA120-350x350.jpeg 350w, https:\/\/siamcitycement.com.vn\/wp-content\/uploads\/2019\/03\/healthcarevietnam.com-4Jumper-JPD-HA120-46x46.jpeg 46w, https:\/\/siamcitycement.com.vn\/wp-content\/uploads\/2019\/03\/healthcarevietnam.com-4Jumper-JPD-HA120-310x310.jpeg 310w\" sizes=\"auto, (max-width: 600px) 100vw, 600px\" \/><\/p>\n<p>M\u00e1y \u0111o huy\u1ebft \u00e1p\u00a0c\u00f3 trang b\u1ecb m\u00e0n h\u00ecnh k\u00edch th\u01b0\u1edbc l\u1edbn LCD gi\u00fap \u0111\u1ecdc k\u1ebft qu\u1ea3 d\u1ec5 d\u00e0ng.<\/p>\n<p><img loading=\"lazy\" decoding=\"async\" class=\"aligncenter wp-image-18749 size-full\" src=\"https:\/\/siamcitycement.com.vn\/wp-content\/uploads\/2019\/03\/healthcarevietnam.com-3Jumper-JPD-HA120.jpeg\" alt=\"\" width=\"600\" height=\"600\" srcset=\"https:\/\/siamcitycement.com.vn\/wp-content\/uploads\/2019\/03\/healthcarevietnam.com-3Jumper-JPD-HA120.jpeg 600w, https:\/\/siamcitycement.com.vn\/wp-content\/uploads\/2019\/03\/healthcarevietnam.com-3Jumper-JPD-HA120-300x300.jpeg 300w, https:\/\/siamcitycement.com.vn\/wp-content\/uploads\/2019\/03\/healthcarevietnam.com-3Jumper-JPD-HA120-150x150.jpeg 150w, https:\/\/siamcitycement.com.vn\/wp-content\/uploads\/2019\/03\/healthcarevietnam.com-3Jumper-JPD-HA120-480x480.jpeg 480w, https:\/\/siamcitycement.com.vn\/wp-content\/uploads\/2019\/03\/healthcarevietnam.com-3Jumper-JPD-HA120-100x100.jpeg 100w, https:\/\/siamcitycement.com.vn\/wp-content\/uploads\/2019\/03\/healthcarevietnam.com-3Jumper-JPD-HA120-350x350.jpeg 350w, https:\/\/siamcitycement.com.vn\/wp-content\/uploads\/2019\/03\/healthcarevietnam.com-3Jumper-JPD-HA120-46x46.jpeg 46w, https:\/\/siamcitycement.com.vn\/wp-content\/uploads\/2019\/03\/healthcarevietnam.com-3Jumper-JPD-HA120-310x310.jpeg 310w\" sizes=\"auto, (max-width: 600px) 100vw, 600px\" \/><\/p>\n<p>M\u00e1y c\u00f3 ch\u1ec9 b\u00e1o m\u1ee9c theo d\u00f5i huy\u1ebft \u00e1p theo ti\u00eau chu\u1ea9n WHO, c\u1ea3nh b\u00e1o ph\u00e1t hi\u1ec7n nh\u1ecbp tim b\u1ea5t th\u01b0\u1eddng.<\/p>\n<p><img loading=\"lazy\" decoding=\"async\" class=\"aligncenter wp-image-18748 size-full\" src=\"https:\/\/siamcitycement.com.vn\/wp-content\/uploads\/2019\/03\/healthcarevietnam.com-2Jumper-JPD-HA120.jpeg\" alt=\"\" width=\"600\" height=\"600\" srcset=\"https:\/\/siamcitycement.com.vn\/wp-content\/uploads\/2019\/03\/healthcarevietnam.com-2Jumper-JPD-HA120.jpeg 600w, https:\/\/siamcitycement.com.vn\/wp-content\/uploads\/2019\/03\/healthcarevietnam.com-2Jumper-JPD-HA120-300x300.jpeg 300w, https:\/\/siamcitycement.com.vn\/wp-content\/uploads\/2019\/03\/healthcarevietnam.com-2Jumper-JPD-HA120-150x150.jpeg 150w, https:\/\/siamcitycement.com.vn\/wp-content\/uploads\/2019\/03\/healthcarevietnam.com-2Jumper-JPD-HA120-480x480.jpeg 480w, https:\/\/siamcitycement.com.vn\/wp-content\/uploads\/2019\/03\/healthcarevietnam.com-2Jumper-JPD-HA120-100x100.jpeg 100w, https:\/\/siamcitycement.com.vn\/wp-content\/uploads\/2019\/03\/healthcarevietnam.com-2Jumper-JPD-HA120-350x350.jpeg 350w, https:\/\/siamcitycement.com.vn\/wp-content\/uploads\/2019\/03\/healthcarevietnam.com-2Jumper-JPD-HA120-46x46.jpeg 46w, https:\/\/siamcitycement.com.vn\/wp-content\/uploads\/2019\/03\/healthcarevietnam.com-2Jumper-JPD-HA120-310x310.jpeg 310w\" sizes=\"auto, (max-width: 600px) 100vw, 600px\" \/><\/p>\n<p>B\u1ed9 nh\u1edb c\u1ee7a m\u00e1y l\u01b0u \u0111\u01b0\u1ee3c 99 l\u1ea7n \u0111o cho 2 ng\u01b0\u1eddi d\u00f9ng.<\/p>\n<p>Ph\u1ea1m vi \u0111o huy\u1ebft \u00e1p t\u1eeb 0 \u2013 295 mmHg, ph\u1ea1m vi \u0111o nh\u1ecbp tim t\u1eeb 40 \u2013 199 bpm.<\/p>\n<p>K\u00edch th\u01b0\u1edbc v\u00f2ng b\u00edt t\u1eeb 22 \u2013 36 cm s\u1ebd ph\u00f9 h\u1ee3p v\u1edbi m\u1ecdi k\u00edch c\u1ee1 c\u1ed5 tay kh\u00e1c nhau.<\/p>\n<h2><strong>Th\u00f4ng s\u1ed1 s\u1ea3n ph\u1ea9m<\/strong><\/h2>\n<p><img loading=\"lazy\" decoding=\"async\" class=\"aligncenter wp-image-18751 size-full\" src=\"https:\/\/siamcitycement.com.vn\/wp-content\/uploads\/2019\/03\/healthcarevietnam.com-5Jumper-JPD-HA120.jpeg\" alt=\"\" width=\"600\" height=\"600\" srcset=\"https:\/\/siamcitycement.com.vn\/wp-content\/uploads\/2019\/03\/healthcarevietnam.com-5Jumper-JPD-HA120.jpeg 600w, https:\/\/siamcitycement.com.vn\/wp-content\/uploads\/2019\/03\/healthcarevietnam.com-5Jumper-JPD-HA120-300x300.jpeg 300w, https:\/\/siamcitycement.com.vn\/wp-content\/uploads\/2019\/03\/healthcarevietnam.com-5Jumper-JPD-HA120-150x150.jpeg 150w, https:\/\/siamcitycement.com.vn\/wp-content\/uploads\/2019\/03\/healthcarevietnam.com-5Jumper-JPD-HA120-480x480.jpeg 480w, https:\/\/siamcitycement.com.vn\/wp-content\/uploads\/2019\/03\/healthcarevietnam.com-5Jumper-JPD-HA120-100x100.jpeg 100w, https:\/\/siamcitycement.com.vn\/wp-content\/uploads\/2019\/03\/healthcarevietnam.com-5Jumper-JPD-HA120-350x350.jpeg 350w, https:\/\/siamcitycement.com.vn\/wp-content\/uploads\/2019\/03\/healthcarevietnam.com-5Jumper-JPD-HA120-46x46.jpeg 46w, https:\/\/siamcitycement.com.vn\/wp-content\/uploads\/2019\/03\/healthcarevietnam.com-5Jumper-JPD-HA120-310x310.jpeg 310w\" sizes=\"auto, (max-width: 600px) 100vw, 600px\" \/><\/p>\n<ul>\n<li>Lo\u1ea1i m\u00e1y \u0111o: \u0110o huy\u1ebft \u00e1p b\u1eafp tay<\/li>\n<li>Ph\u01b0\u01a1ng ph\u00e1p \u0111o: Dao \u0111\u1ed9ng<\/li>\n<li>Ch\u1ee9c n\u0103ng: \u0110o huy\u1ebft \u00e1p, nh\u1ecbp tim<\/li>\n<li>D\u1ea3i \u0111o huy\u1ebft \u00e1p: 0 \u2013 295 mmHg<\/li>\n<li>D\u1ea3i \u0111o nh\u1ecbp tim: 40 \u2013 199 nh\u1ecbp\/ph\u00fat<\/li>\n<li>\u0110\u1ed9 ch\u00ednh x\u00e1c huy\u1ebft \u00e1p: 3 mmHg<\/li>\n<li>\u0110\u1ed9 ch\u00ednh x\u00e1c nh\u1ecbp tim: 5%<\/li>\n<li>Lo\u1ea1i Pin: 4 pin AA<\/li>\n<li>M\u00e0n h\u00ecnh hi\u1ec3n th\u1ecb: LCD<\/li>\n<li>B\u1ed9 nh\u1edb: 99 k\u1ebft qu\u1ea3 \u0111o<\/li>\n<li>Chu vi v\u00f2ng b\u00edt: 22cm \u2013 36cm<\/li>\n<li>Ti\u1ec7n \u00edch: Bluetooth<\/li>\n<li>\u0110i\u1ec7n th\u1ebf pin: 6V<\/li>\n<li>Ch\u1ea5t li\u1ec7u v\u1ecf m\u00e1y: Nh\u1ef1a cao c\u1ea5p<\/li>\n<li>T\u1ef1 \u0111\u1ed9ng ng\u1eaft ngu\u1ed3n \u0111i\u1ec7n: C\u00f3<\/li>\n<\/ul>\n<p>[\/vc_column_text][\/vc_column][\/vc_row]<\/p>\n","protected":false},"excerpt":{"rendered":"<ul>\n<li>M\u00e0n h\u00ecnh k\u00edch th\u01b0\u1edbc l\u1edbn.<\/li>\n<li>K\u1ebft n\u1ed1i Bluetooth v\u1edbi \u0111i\u1ec7n tho\u1ea1i theo d\u00f5i v\u00e0 ki\u1ec3m tra s\u1ee9c kho\u1ebb qua APP.<\/li>\n<li>Ch\u1ec9 b\u00e1o m\u1ee9c theo d\u00f5i huy\u1ebft \u00e1p theo ti\u00eau chu\u1ea9n WHO.<\/li>\n<li>C\u1ea3nh b\u00e1o Ph\u00e1t hi\u1ec7n nh\u1ecbp tim b\u1ea5t th\u01b0\u1eddng.<\/li>\n<li>B\u1ed9 nh\u1edb 99 l\u1ea7n cho 2 ng\u01b0\u1eddi d\u00f9ng.<\/li>\n<li>Ngu\u1ed3n AC c\u1ed5ng USB hi\u1ec7n \u0111\u1ea1i ho\u1eb7c PIN AA<\/li>\n<li>B\u1ea3o h\u00e0nh 60 th\u00e1ng<\/li>\n<\/ul>\n","protected":false},"featured_media":18746,"comment_status":"closed","ping_status":"closed","template":"","meta":[],"product_cat":[112,83],"product_tag":[176],"class_list":{"0":"post-1028","1":"product","2":"type-product","3":"status-publish","4":"has-post-thumbnail","6":"product_cat-may-do-huyet-ap","7":"product_cat-may-y-te","8":"product_tag-may-do-huyet-ap-jumper","9":"ts_product_brand-jumper","11":"first","12":"instock","13":"shipping-taxable","14":"product-type-simple"},"yoast_head":"<!-- This site is optimized with the Yoast SEO Premium plugin v22.3 (Yoast SEO v22.3) - https:\/\/yoast.com\/wordpress\/plugins\/seo\/ -->\n<title>M\u00e1y \u0111o huy\u1ebft \u00e1p b\u1eafp tay Jumper JPD-HA120 (Bluetooth)<\/title>\n<meta name=\"description\" content=\"HealthcareVietnam.com thu\u1ed9c h\u1ec7 th\u1ed1ng cung c\u1ea5p thi\u1ebft b\u1ecb ph\u00f2ng d\u1ecbch c\u1ee7a c\u00f4ng ty T\u01af\u1edcNG KHOA, chuy\u00ean \u0111\u1ed3 ph\u00f2ng d\u1ecbch v\u00e0 BHL\u0110 h\u00e0ng \u0111\u1ea7u Vi\u1ec7t Nam.\" \/>\n<meta name=\"robots\" content=\"index, follow, max-snippet:-1, max-image-preview:large, max-video-preview:-1\" \/>\n<link rel=\"canonical\" href=\"https:\/\/siamcitycement.com.vn\/product\/may-do-huyet-ap-bap-tay-jumper-jpd-ha120-bluetooth\/\" \/>\n<meta property=\"og:locale\" content=\"en_US\" \/>\n<meta property=\"og:type\" content=\"article\" \/>\n<meta property=\"og:title\" content=\"Healthcare Vietnam | M\u00e1y \u0111o huy\u1ebft \u00e1p b\u1eafp tay Jumper JPD-HA120 (Bluetooth)\" \/>\n<meta property=\"og:description\" content=\"HealthcareVietnam.com thu\u1ed9c h\u1ec7 th\u1ed1ng cung c\u1ea5p thi\u1ebft b\u1ecb ph\u00f2ng d\u1ecbch c\u1ee7a c\u00f4ng ty T\u01af\u1edcNG KHOA, chuy\u00ean \u0111\u1ed3 ph\u00f2ng d\u1ecbch v\u00e0 BHL\u0110 h\u00e0ng \u0111\u1ea7u Vi\u1ec7t Nam.\" \/>\n<meta property=\"og:url\" content=\"https:\/\/siamcitycement.com.vn\/product\/may-do-huyet-ap-bap-tay-jumper-jpd-ha120-bluetooth\/\" \/>\n<meta property=\"og:site_name\" content=\"Healthcare Vietnam\" \/>\n<meta property=\"article:publisher\" content=\"https:\/\/www.facebook.com\/healthcarevn\" \/>\n<meta property=\"article:modified_time\" content=\"2024-11-22T08:02:08+00:00\" \/>\n<meta property=\"og:image\" content=\"https:\/\/siamcitycement.com.vn\/wp-content\/uploads\/2019\/03\/healthcarevietnam.com-Jumper-JPD-HA120.jpg\" \/>\n\t<meta property=\"og:image:width\" content=\"600\" \/>\n\t<meta property=\"og:image:height\" content=\"600\" \/>\n\t<meta property=\"og:image:type\" content=\"image\/jpeg\" \/>\n<meta name=\"twitter:card\" content=\"summary_large_image\" \/>\n<meta name=\"twitter:label1\" content=\"Est. reading time\" \/>\n\t<meta name=\"twitter:data1\" content=\"2 minutes\" \/>\n<script type=\"application\/ld+json\" class=\"yoast-schema-graph\">{\"@context\":\"https:\/\/schema.org\",\"@graph\":[{\"@type\":\"WebPage\",\"@id\":\"https:\/\/siamcitycement.com.vn\/product\/may-do-huyet-ap-bap-tay-jumper-jpd-ha120-bluetooth\/\",\"url\":\"https:\/\/siamcitycement.com.vn\/product\/may-do-huyet-ap-bap-tay-jumper-jpd-ha120-bluetooth\/\",\"name\":\"M\u00e1y \u0111o huy\u1ebft \u00e1p b\u1eafp tay Jumper JPD-HA120 (Bluetooth)\",\"isPartOf\":{\"@id\":\"https:\/\/siamcitycement.com.vn\/#website\"},\"primaryImageOfPage\":{\"@id\":\"https:\/\/siamcitycement.com.vn\/product\/may-do-huyet-ap-bap-tay-jumper-jpd-ha120-bluetooth\/#primaryimage\"},\"image\":{\"@id\":\"https:\/\/siamcitycement.com.vn\/product\/may-do-huyet-ap-bap-tay-jumper-jpd-ha120-bluetooth\/#primaryimage\"},\"thumbnailUrl\":\"https:\/\/siamcitycement.com.vn\/wp-content\/uploads\/2019\/03\/healthcarevietnam.com-Jumper-JPD-HA120.jpg\",\"datePublished\":\"2019-03-25T07:16:28+00:00\",\"dateModified\":\"2024-11-22T08:02:08+00:00\",\"description\":\"HealthcareVietnam.com thu\u1ed9c h\u1ec7 th\u1ed1ng cung c\u1ea5p thi\u1ebft b\u1ecb ph\u00f2ng d\u1ecbch c\u1ee7a c\u00f4ng ty T\u01af\u1edcNG KHOA, chuy\u00ean \u0111\u1ed3 ph\u00f2ng d\u1ecbch v\u00e0 BHL\u0110 h\u00e0ng \u0111\u1ea7u Vi\u1ec7t Nam.\",\"breadcrumb\":{\"@id\":\"https:\/\/siamcitycement.com.vn\/product\/may-do-huyet-ap-bap-tay-jumper-jpd-ha120-bluetooth\/#breadcrumb\"},\"inLanguage\":\"en-US\",\"potentialAction\":[{\"@type\":\"ReadAction\",\"target\":[\"https:\/\/siamcitycement.com.vn\/product\/may-do-huyet-ap-bap-tay-jumper-jpd-ha120-bluetooth\/\"]}]},{\"@type\":\"ImageObject\",\"inLanguage\":\"en-US\",\"@id\":\"https:\/\/siamcitycement.com.vn\/product\/may-do-huyet-ap-bap-tay-jumper-jpd-ha120-bluetooth\/#primaryimage\",\"url\":\"https:\/\/siamcitycement.com.vn\/wp-content\/uploads\/2019\/03\/healthcarevietnam.com-Jumper-JPD-HA120.jpg\",\"contentUrl\":\"https:\/\/siamcitycement.com.vn\/wp-content\/uploads\/2019\/03\/healthcarevietnam.com-Jumper-JPD-HA120.jpg\",\"width\":600,\"height\":600},{\"@type\":\"BreadcrumbList\",\"@id\":\"https:\/\/siamcitycement.com.vn\/product\/may-do-huyet-ap-bap-tay-jumper-jpd-ha120-bluetooth\/#breadcrumb\",\"itemListElement\":[{\"@type\":\"ListItem\",\"position\":1,\"name\":\"Home\",\"item\":\"https:\/\/siamcitycement.com.vn\/\"},{\"@type\":\"ListItem\",\"position\":2,\"name\":\"Shop\",\"item\":\"https:\/\/siamcitycement.com.vn\/?page_id=51\"},{\"@type\":\"ListItem\",\"position\":3,\"name\":\"M\u00e1y \u0111o huy\u1ebft \u00e1p b\u1eafp tay Jumper JPD-HA120 (Bluetooth)\"}]},{\"@type\":\"WebSite\",\"@id\":\"https:\/\/siamcitycement.com.vn\/#website\",\"url\":\"https:\/\/siamcitycement.com.vn\/\",\"name\":\"Healthcare Vietnam\",\"description\":\"Making a Safer &amp; Healthier Workplace\",\"publisher\":{\"@id\":\"https:\/\/siamcitycement.com.vn\/#organization\"},\"alternateName\":\"B\u1ea2O H\u1ed8 LAO \u0110\u1ed8NG VI\u1ec6T\",\"potentialAction\":[{\"@type\":\"SearchAction\",\"target\":{\"@type\":\"EntryPoint\",\"urlTemplate\":\"https:\/\/siamcitycement.com.vn\/?s={search_term_string}\"},\"query-input\":\"required name=search_term_string\"}],\"inLanguage\":\"en-US\"},{\"@type\":\"Organization\",\"@id\":\"https:\/\/siamcitycement.com.vn\/#organization\",\"name\":\"HealthCare Vietnam\",\"alternateName\":\"TUONG KHOA Limited\",\"url\":\"https:\/\/siamcitycement.com.vn\/\",\"logo\":{\"@type\":\"ImageObject\",\"inLanguage\":\"en-US\",\"@id\":\"https:\/\/siamcitycement.com.vn\/#\/schema\/logo\/image\/\",\"url\":\"https:\/\/siamcitycement.com.vn\/wp-content\/uploads\/2021\/11\/healthcarevietnam.com-SEO.png\",\"contentUrl\":\"https:\/\/siamcitycement.com.vn\/wp-content\/uploads\/2021\/11\/healthcarevietnam.com-SEO.png\",\"width\":200,\"height\":200,\"caption\":\"HealthCare Vietnam\"},\"image\":{\"@id\":\"https:\/\/siamcitycement.com.vn\/#\/schema\/logo\/image\/\"},\"sameAs\":[\"https:\/\/www.facebook.com\/healthcarevn\",\"https:\/\/www.youtube.com\/@healthcarevietnam\",\"https:\/\/www.linkedin.com\/company\/healthcarevietnam\"],\"description\":\"TUONG KHOA Limited l\u00e0 \u0111\u1ea1i l\u00fd cung c\u1ea5p BHLD nh\u1eadp kh\u1ea9u c\u1ee7a nhi\u1ec1u nh\u00e3n hi\u1ec7u Qu\u1ed1c t\u1ebf t\u1ea1i Vi\u1ec7t Nam\",\"email\":\"board@tksafety.com.vn\",\"telephone\":\"0966449449\",\"legalName\":\"T\u01af\u1edcNG KHOA Trading & Services Company Limited\",\"foundingDate\":\"2006-07-15\",\"iso6523Code\":\"ISO 9001\",\"numberOfEmployees\":{\"@type\":\"QuantitativeValue\",\"minValue\":\"11\",\"maxValue\":\"50\"},\"ownershipFundingInfo\":\"https:\/\/siamcitycement.com.vn\/?page_id=18123\",\"actionableFeedbackPolicy\":\"https:\/\/siamcitycement.com.vn\/?page_id=18123\",\"correctionsPolicy\":\"https:\/\/siamcitycement.com.vn\/?page_id=18123\",\"ethicsPolicy\":\"https:\/\/siamcitycement.com.vn\/?page_id=18123\",\"diversityPolicy\":\"https:\/\/siamcitycement.com.vn\/?page_id=18123\",\"diversityStaffingReport\":\"https:\/\/siamcitycement.com.vn\/?page_id=18123\"}]}<\/script>\n<!-- \/ Yoast SEO Premium plugin. -->","yoast_head_json":{"title":"M\u00e1y \u0111o huy\u1ebft \u00e1p b\u1eafp tay Jumper JPD-HA120 (Bluetooth)","description":"HealthcareVietnam.com thu\u1ed9c h\u1ec7 th\u1ed1ng cung c\u1ea5p thi\u1ebft b\u1ecb ph\u00f2ng d\u1ecbch c\u1ee7a c\u00f4ng ty T\u01af\u1edcNG KHOA, chuy\u00ean \u0111\u1ed3 ph\u00f2ng d\u1ecbch v\u00e0 BHL\u0110 h\u00e0ng \u0111\u1ea7u Vi\u1ec7t Nam.","robots":{"index":"index","follow":"follow","max-snippet":"max-snippet:-1","max-image-preview":"max-image-preview:large","max-video-preview":"max-video-preview:-1"},"canonical":"https:\/\/siamcitycement.com.vn\/product\/may-do-huyet-ap-bap-tay-jumper-jpd-ha120-bluetooth\/","og_locale":"en_US","og_type":"article","og_title":"Healthcare Vietnam | M\u00e1y \u0111o huy\u1ebft \u00e1p b\u1eafp tay Jumper JPD-HA120 (Bluetooth)","og_description":"HealthcareVietnam.com thu\u1ed9c h\u1ec7 th\u1ed1ng cung c\u1ea5p thi\u1ebft b\u1ecb ph\u00f2ng d\u1ecbch c\u1ee7a c\u00f4ng ty T\u01af\u1edcNG KHOA, chuy\u00ean \u0111\u1ed3 ph\u00f2ng d\u1ecbch v\u00e0 BHL\u0110 h\u00e0ng \u0111\u1ea7u Vi\u1ec7t Nam.","og_url":"https:\/\/siamcitycement.com.vn\/product\/may-do-huyet-ap-bap-tay-jumper-jpd-ha120-bluetooth\/","og_site_name":"Healthcare Vietnam","article_publisher":"https:\/\/www.facebook.com\/healthcarevn","article_modified_time":"2024-11-22T08:02:08+00:00","og_image":[{"width":600,"height":600,"url":"https:\/\/siamcitycement.com.vn\/wp-content\/uploads\/2019\/03\/healthcarevietnam.com-Jumper-JPD-HA120.jpg","type":"image\/jpeg"}],"twitter_card":"summary_large_image","twitter_misc":{"Est. reading time":"2 minutes"},"schema":{"@context":"https:\/\/schema.org","@graph":[{"@type":"WebPage","@id":"https:\/\/siamcitycement.com.vn\/product\/may-do-huyet-ap-bap-tay-jumper-jpd-ha120-bluetooth\/","url":"https:\/\/siamcitycement.com.vn\/product\/may-do-huyet-ap-bap-tay-jumper-jpd-ha120-bluetooth\/","name":"M\u00e1y \u0111o huy\u1ebft \u00e1p b\u1eafp tay Jumper JPD-HA120 (Bluetooth)","isPartOf":{"@id":"https:\/\/siamcitycement.com.vn\/#website"},"primaryImageOfPage":{"@id":"https:\/\/siamcitycement.com.vn\/product\/may-do-huyet-ap-bap-tay-jumper-jpd-ha120-bluetooth\/#primaryimage"},"image":{"@id":"https:\/\/siamcitycement.com.vn\/product\/may-do-huyet-ap-bap-tay-jumper-jpd-ha120-bluetooth\/#primaryimage"},"thumbnailUrl":"https:\/\/siamcitycement.com.vn\/wp-content\/uploads\/2019\/03\/healthcarevietnam.com-Jumper-JPD-HA120.jpg","datePublished":"2019-03-25T07:16:28+00:00","dateModified":"2024-11-22T08:02:08+00:00","description":"HealthcareVietnam.com thu\u1ed9c h\u1ec7 th\u1ed1ng cung c\u1ea5p thi\u1ebft b\u1ecb ph\u00f2ng d\u1ecbch c\u1ee7a c\u00f4ng ty T\u01af\u1edcNG KHOA, chuy\u00ean \u0111\u1ed3 ph\u00f2ng d\u1ecbch v\u00e0 BHL\u0110 h\u00e0ng \u0111\u1ea7u Vi\u1ec7t Nam.","breadcrumb":{"@id":"https:\/\/siamcitycement.com.vn\/product\/may-do-huyet-ap-bap-tay-jumper-jpd-ha120-bluetooth\/#breadcrumb"},"inLanguage":"en-US","potentialAction":[{"@type":"ReadAction","target":["https:\/\/siamcitycement.com.vn\/product\/may-do-huyet-ap-bap-tay-jumper-jpd-ha120-bluetooth\/"]}]},{"@type":"ImageObject","inLanguage":"en-US","@id":"https:\/\/siamcitycement.com.vn\/product\/may-do-huyet-ap-bap-tay-jumper-jpd-ha120-bluetooth\/#primaryimage","url":"https:\/\/siamcitycement.com.vn\/wp-content\/uploads\/2019\/03\/healthcarevietnam.com-Jumper-JPD-HA120.jpg","contentUrl":"https:\/\/siamcitycement.com.vn\/wp-content\/uploads\/2019\/03\/healthcarevietnam.com-Jumper-JPD-HA120.jpg","width":600,"height":600},{"@type":"BreadcrumbList","@id":"https:\/\/siamcitycement.com.vn\/product\/may-do-huyet-ap-bap-tay-jumper-jpd-ha120-bluetooth\/#breadcrumb","itemListElement":[{"@type":"ListItem","position":1,"name":"Home","item":"https:\/\/siamcitycement.com.vn\/"},{"@type":"ListItem","position":2,"name":"Shop","item":"https:\/\/siamcitycement.com.vn\/?page_id=51"},{"@type":"ListItem","position":3,"name":"M\u00e1y \u0111o huy\u1ebft \u00e1p b\u1eafp tay Jumper JPD-HA120 (Bluetooth)"}]},{"@type":"WebSite","@id":"https:\/\/siamcitycement.com.vn\/#website","url":"https:\/\/siamcitycement.com.vn\/","name":"Healthcare Vietnam","description":"Making a Safer &amp; Healthier Workplace","publisher":{"@id":"https:\/\/siamcitycement.com.vn\/#organization"},"alternateName":"B\u1ea2O H\u1ed8 LAO \u0110\u1ed8NG VI\u1ec6T","potentialAction":[{"@type":"SearchAction","target":{"@type":"EntryPoint","urlTemplate":"https:\/\/siamcitycement.com.vn\/?s={search_term_string}"},"query-input":"required name=search_term_string"}],"inLanguage":"en-US"},{"@type":"Organization","@id":"https:\/\/siamcitycement.com.vn\/#organization","name":"HealthCare Vietnam","alternateName":"TUONG KHOA Limited","url":"https:\/\/siamcitycement.com.vn\/","logo":{"@type":"ImageObject","inLanguage":"en-US","@id":"https:\/\/siamcitycement.com.vn\/#\/schema\/logo\/image\/","url":"https:\/\/siamcitycement.com.vn\/wp-content\/uploads\/2021\/11\/healthcarevietnam.com-SEO.png","contentUrl":"https:\/\/siamcitycement.com.vn\/wp-content\/uploads\/2021\/11\/healthcarevietnam.com-SEO.png","width":200,"height":200,"caption":"HealthCare Vietnam"},"image":{"@id":"https:\/\/siamcitycement.com.vn\/#\/schema\/logo\/image\/"},"sameAs":["https:\/\/www.facebook.com\/healthcarevn","https:\/\/www.youtube.com\/@healthcarevietnam","https:\/\/www.linkedin.com\/company\/healthcarevietnam"],"description":"TUONG KHOA Limited l\u00e0 \u0111\u1ea1i l\u00fd cung c\u1ea5p BHLD nh\u1eadp kh\u1ea9u c\u1ee7a nhi\u1ec1u nh\u00e3n hi\u1ec7u Qu\u1ed1c t\u1ebf t\u1ea1i Vi\u1ec7t Nam","email":"board@tksafety.com.vn","telephone":"0966449449","legalName":"T\u01af\u1edcNG KHOA Trading & Services Company Limited","foundingDate":"2006-07-15","iso6523Code":"ISO 9001","numberOfEmployees":{"@type":"QuantitativeValue","minValue":"11","maxValue":"50"},"ownershipFundingInfo":"https:\/\/siamcitycement.com.vn\/?page_id=18123","actionableFeedbackPolicy":"https:\/\/siamcitycement.com.vn\/?page_id=18123","correctionsPolicy":"https:\/\/siamcitycement.com.vn\/?page_id=18123","ethicsPolicy":"https:\/\/siamcitycement.com.vn\/?page_id=18123","diversityPolicy":"https:\/\/siamcitycement.com.vn\/?page_id=18123","diversityStaffingReport":"https:\/\/siamcitycement.com.vn\/?page_id=18123"}]}},"_links":{"self":[{"href":"https:\/\/siamcitycement.com.vn\/index.php?rest_route=\/wp\/v2\/product\/1028","targetHints":{"allow":["GET"]}}],"collection":[{"href":"https:\/\/siamcitycement.com.vn\/index.php?rest_route=\/wp\/v2\/product"}],"about":[{"href":"https:\/\/siamcitycement.com.vn\/index.php?rest_route=\/wp\/v2\/types\/product"}],"replies":[{"embeddable":true,"href":"https:\/\/siamcitycement.com.vn\/index.php?rest_route=%2Fwp%2Fv2%2Fcomments&post=1028"}],"wp:featuredmedia":[{"embeddable":true,"href":"https:\/\/siamcitycement.com.vn\/index.php?rest_route=\/wp\/v2\/media\/18746"}],"wp:attachment":[{"href":"https:\/\/siamcitycement.com.vn\/index.php?rest_route=%2Fwp%2Fv2%2Fmedia&parent=1028"}],"wp:term":[{"taxonomy":"product_cat","embeddable":true,"href":"https:\/\/siamcitycement.com.vn\/index.php?rest_route=%2Fwp%2Fv2%2Fproduct_cat&post=1028"},{"taxonomy":"product_tag","embeddable":true,"href":"https:\/\/siamcitycement.com.vn\/index.php?rest_route=%2Fwp%2Fv2%2Fproduct_tag&post=1028"}],"curies":[{"name":"wp","href":"https:\/\/api.w.org\/{rel}","templated":true}]}}